{"id":482,"date":"2025-09-17T19:03:15","date_gmt":"2025-09-17T17:03:15","guid":{"rendered":"https:\/\/www.initiative-loewensteinverein.de\/wpc\/?page_id=482"},"modified":"2026-02-21T11:29:38","modified_gmt":"2026-02-21T10:29:38","slug":"nutzungshinweis","status":"publish","type":"page","link":"https:\/\/www.initiative-loewensteinverein.de\/wpc\/index.php\/nutzungshinweis\/","title":{"rendered":"Nutzungshinweis"},"content":{"rendered":"\n<p><\/p>\n\n\n\n<p class=\"has-text-align-left\"><strong>Bedingungen f\u00fcr die freie Nutzung der fachlich ehrenamtlich erarbeiteten Arbeits- und Forschungsergebnisse des L\u00f6wenstein-Forschungsvereins e.V. in Text, Stimme, Bild und Bewegtbild<\/strong><\/p>\n\n\n\n<p class=\"has-text-align-left\">Einstimmiger Beschluss der Mitgliederversammlung des L\u00f6wenstein-Forschungsvereins e.V. am 2. April 2025<\/p>\n\n\n\n<p class=\"has-text-align-left\">.<\/p>\n\n\n\n<p class=\"has-text-align-left\">Als L\u00f6wenstein-Forschungsverein e.V. (M\u00f6ssingen) bieten wir unsere Recherche- und Arbeitsergebnisse gerne zu freien, \u00f6ffentlichen Verwendungen (open content) an. Als Bedingung f\u00fcr eine freie Nutzung stellen wir allerdings die Anforderung, dass eine korrekte Quellenangabe erfolgt. Es ist ein Ausdruck von Wertsch\u00e4tzung, wenn bei der Weitergabe der Name des Vereins mit seinem ehrenamtlich-b\u00fcrgerschaftlichen Engagement oder die Namen der Verfassenden in angemessener Weise als Quellenangabe benannt werden.<\/p>\n\n\n\n<p class=\"has-text-align-left\">Es gilt Creative Commons CC-BY (kostenfreie Nutzung mit Nennung der Urheberin bzw. des Urhebers oder der Rechte-Inhabenden; die Bearbeitung ist gestattet).<\/p>\n\n\n\n<p class=\"has-text-align-left\">Die unrechtm\u00e4\u00dfige Nutzung unserer Forschungsergebnisse kann ein Plagiat darstellen und damit rechtlich unzul\u00e4ssig sein. Die Universit\u00e4t Stuttgart schreibt: <em>\u201ePlagiat als Form des geistigen Diebstahls besteht darin, wissenschaftliche Erkenntnisse, Hypothesen, Ideen oder Formulierungen anderer als eigene auszugeben. Die Verwendung von Quellen und Literatur ist unbefugt, wenn notwendige Belege unterbleiben.\u201c<\/em><\/p>\n\n\n\n<p class=\"has-text-align-left\">Der Vorstand des L\u00f6wenstein-Forschungsvereins e.V. beh\u00e4lt sich vor, gegen Plagiate entsprechend vorzugehen und diese \u00f6ffentlich zu verurteilen.<\/p>\n\n\n\n<p class=\"has-text-align-left\">Die vom L\u00f6wenstein-Forschungsverein e.V. auf der eigenen Website und in Ver\u00f6ffentlichungen genutzten Fotos unterliegen dem Urheberrecht und d\u00fcrfen nicht ohne Einverst\u00e4ndnis der zust\u00e4ndigen Personen bzw. Institutionen weiterverwendet werden.<\/p>\n\n\n\n<p class=\"has-text-align-left\">Der L\u00f6wenstein-Forschungsverein e.V. untersagt die Nutzung der auf seiner Website stehenden Texte, Audiodateien, Videodateien und Bilder als Datenmaterial oder Trainingsbasis f\u00fcr GPTs und andere Varianten generativer IT. Ausnahmen m\u00fcssen mit dem Vorstand des Vereins schriftlich vereinbart werden.<\/p>\n\n\n\n<p class=\"has-text-align-left\"><\/p>\n","protected":false},"excerpt":{"rendered":"<p>Bedingungen f\u00fcr die freie Nutzung der fachlich ehrenamtlich erarbeiteten Arbeits- und Forschungsergebnisse des L\u00f6wenstein-Forschungsvereins e.V. in Text, Stimme, Bild und Bewegtbild Einstimmiger Beschluss der Mitgliederversammlung des L\u00f6wenstein-Forschungsvereins e.V. am 2. April 2025 . Als L\u00f6wenstein-Forschungsverein e.V. (M\u00f6ssingen) bieten wir unsere Recherche- und Arbeitsergebnisse gerne zu freien, \u00f6ffentlichen Verwendungen (open content) an. Als Bedingung f\u00fcr eine freie Nutzung stellen wir allerdings die Anforderung, dass eine korrekte Quellenangabe erfolgt. Es ist ein Ausdruck von Wertsch\u00e4tzung, wenn bei der Weitergabe der Name des Vereins mit seinem ehrenamtlich-b\u00fcrgerschaftlichen Engagement oder die Namen der Verfassenden in angemessener Weise als Quellenangabe benannt werden. Es gilt Creative Commons CC-BY (kostenfreie Nutzung mit Nennung der Urheberin bzw. des Urhebers oder der Rechte-Inhabenden; die Bearbeitung ist gestattet). Die unrechtm\u00e4\u00dfige Nutzung unserer Forschungsergebnisse kann ein Plagiat darstellen und damit rechtlich unzul\u00e4ssig sein. Die Universit\u00e4t Stuttgart schreibt: \u201ePlagiat als Form des geistigen Diebstahls besteht darin, wissenschaftliche Erkenntnisse, Hypothesen, Ideen oder Formulierungen anderer als eigene auszugeben. Die Verwendung von Quellen und Literatur ist unbefugt, wenn notwendige Belege unterbleiben.\u201c Der Vorstand des L\u00f6wenstein-Forschungsvereins e.V. beh\u00e4lt sich vor, gegen Plagiate entsprechend vorzugehen und diese \u00f6ffentlich zu verurteilen. Die vom L\u00f6wenstein-Forschungsverein e.V. auf der eigenen Website und in Ver\u00f6ffentlichungen genutzten Fotos unterliegen dem Urheberrecht und d\u00fcrfen nicht ohne Einverst\u00e4ndnis der zust\u00e4ndigen Personen bzw. Institutionen weiterverwendet werden. Der L\u00f6wenstein-Forschungsverein e.V. untersagt die Nutzung der auf seiner Website stehenden Texte, Audiodateien, Videodateien und Bilder als Datenmaterial oder Trainingsbasis f\u00fcr GPTs und andere Varianten generativer IT. Ausnahmen m\u00fcssen mit dem Vorstand des Vereins schriftlich vereinbart werden.<\/p>\n","protected":false},"author":1,"featured_media":0,"parent":0,"menu_order":0,"comment_status":"closed","ping_status":"closed","template":"","meta":{"footnotes":""},"class_list":["post-482","page","type-page","status-publish","hentry"],"_links":{"self":[{"href":"https:\/\/www.initiative-loewensteinverein.de\/wpc\/index.php\/wp-json\/wp\/v2\/pages\/482","targetHints":{"allow":["GET"]}}],"collection":[{"href":"https:\/\/www.initiative-loewensteinverein.de\/wpc\/index.php\/wp-json\/wp\/v2\/pages"}],"about":[{"href":"https:\/\/www.initiative-loewensteinverein.de\/wpc\/index.php\/wp-json\/wp\/v2\/types\/page"}],"author":[{"embeddable":true,"href":"https:\/\/www.initiative-loewensteinverein.de\/wpc\/index.php\/wp-json\/wp\/v2\/users\/1"}],"replies":[{"embeddable":true,"href":"https:\/\/www.initiative-loewensteinverein.de\/wpc\/index.php\/wp-json\/wp\/v2\/comments?post=482"}],"version-history":[{"count":6,"href":"https:\/\/www.initiative-loewensteinverein.de\/wpc\/index.php\/wp-json\/wp\/v2\/pages\/482\/revisions"}],"predecessor-version":[{"id":499,"href":"https:\/\/www.initiative-loewensteinverein.de\/wpc\/index.php\/wp-json\/wp\/v2\/pages\/482\/revisions\/499"}],"wp:attachment":[{"href":"https:\/\/www.initiative-loewensteinverein.de\/wpc\/index.php\/wp-json\/wp\/v2\/media?parent=482"}],"curies":[{"name":"wp","href":"https:\/\/api.w.org\/{rel}","templated":true}]}}